+ 20590 = 5261. Is a a prime number?
False
Let q(v) = 6035*v - 458. Is q(5) prime?
True
Let w(f) = -11*f + 43*f - 50 + 9*f**2 + 2*f**2 - 50 + 4*f**2. Is w(19) prime?
True
Suppose 2232 = -2*y + 14*y. Let u = y + -146. Is ((-50876)/u - (-4)/10)*-2 a prime number?
True
Let p be (-1)/(2/24*-3). Suppose b - 25 = -p*b. Suppose b*y = y + 12, -2*z - 2*y = -2408. Is z prime?
True
Let z = 13 - 9. Let d(l) = 1743*l + 15. Let x be d(z). Suppose t - 2485 - 1705 = -3*v, 2*t + x = 5*v. Is v a composite number?
True
Let s(o) = o**3 + 9*o**2 - 6*o - 5. Suppose -3*m = -0 - 27. Is s(m) composite?
False
Let z = -227 - -167. Is (-2)/(8/258*18/z) a prime number?
False
Is (195/(-390))/(1/(-380674)) a composite number?
True
Suppose 3*c - 300*u - 442704 = -297*u, 0 = -u + 3. Is c a prime number?
True
Suppose -5*h - 208*r + 1384343 = -206*r, 3*r + 3 = 0. Is h prime?
True
Let c = -90 - -95. Suppose 0 = -c*k - 4407 + 12222. Is k prime?
False
Suppose 0 = 269*l - 1025952 - 23216597. Is l prime?
True
Suppose 10*k = k - 2421. Let f = k + 376. Let m = f - 100. Is m a prime number?
True
Suppose 1 = f - n, -n - 4 = f + 3*n. Suppose 3*u - 3*s - 5 = -2, f = 5*u + 2*s - 19. Suppose -u*b + 5*b = 4462. Is b prime?
False
Let s be 23*(-1 - (0 - 2)). Let c(f) = 2*f**2 + 0 - 192*f + 199*f - 48. Is c(s) prime?
True
Suppose -5*f + 35487 = -0*w + 3*w, 0 = 2*w + f - 23651. Let x = w - 7730. Suppose 13424 = 6*b + x. Is b composite?
True
Suppose 0 = -q + 2*n - 76 - 50, 5*q - 3*n + 595 = 0. Let h be -1 + 2 + 0 - 55. Let s = h - q. Is s composite?
True
Let u(s) = 329*s**2 + 9*s + 24. Let r(k) = 330*k**2 + 8*k + 24. Let q(v) = -3*r(v) + 2*u(v). Let p be q(10). Let f = -20523 - p. Is f a composite number?
True
Suppose -327163 = -2*l + 8*s - 11*s, -2*s + 1145079 = 7*l. Is l a composite number?
True
Let x(j) = -j**3 - 26*j**2 - 48*j - 1. Let a be x(-24). Let h be (a + -4)*1 + (-19 - -17). Let b(g) = -g**3 + 2*g**2 + 6*g + 14. Is b(h) a prime number?
False
Suppose 21*l + 842 = 2312. Suppose -5*f + 2*x = -0*f - 20, -f - 4*x + 4 = 0. Suppose f*q = 2*q + l. Is q a composite number?
True
Let t(u) = -176935*u + 1002. Is t(-1) prime?
False
Suppose -k + 3687 = 4*j + 19201, 0 = -4*j + 3*k - 15522. Suppose 0 = 15*q - 24 + 84. Is j/18*(2 + q + 0) a prime number?
True
Suppose 0 = -5*d - 4*m + 175119, 3*m - 70049 = 4*d - 6*d. Is d prime?
True
Let j = -135327 + 352282. Is j prime?
False
Is -9 + -3 + 20 + 37235 prime?
True
Let r = -38 - -22. Let n be (r/(-20))/((-4)/10). Is (32820/(-80))/(n - 14/(-8)) a composite number?
True
Let i(a) = -a**3 - 29*a**2 + 30*a + 18. Let l be i(-30). Let w(z) = -6*z + 199. Is w(l) composite?
True
Let t be (-8)/(40/(-15)) + 0. Let x(a) = 4*a**t - 8*a - 3 - 61*a**3 + 4*a - 4*a**2. Is x(-2) composite?
True
Let u be ((-52320)/27)/10 - (-4)/(-18). Let x = -30 + 29. Is (x*u/4)/(19/38) composite?
False
Suppose 5*j - 138934 = 6*j - 2*j. Is j a composite number?
True
Suppose 30079 = 4*b + f - 41226, 4*f + 53493 = 3*b. Is b a composite number?
False
Suppose 0 = -3*u - 166 + 958. Let g = u - -415. Is g prime?
False
Let f(c) = 62*c - 8. Let x be f(6). Let v(l) = -64*l + 11 + 5 - x*l - 17. Is v(-1) a composite number?
True
Suppose 0 = 2*j + 55 - 13. Let s = -19 - j. Suppose -4*c + s*n = -3004, -2*c + 5*n - 3*n + 1502 = 0. Is c prime?
True
Let l = 817 + -551. Let q be -30 + -3 - -3 - (-1)/(-1). Let n = q + l. Is n composite?
True
Let r = -12586 + 278213. Is r composite?
True
Let s be -6 + 106 - (-12)/3. Let f = s + -102. Is (-27210)/(-20) + 2/8*f a prime number?
True
Suppose -1247*y + 1290*y - 17356907 = 0. Is y a prime number?
True
Let p = 23297 + 8705. Suppose 32782 = 16*v - p. Is v prime?
True
Let h(d) = -9*d**2 - 37*d + 25. Let x(i) be the first derivative of 5*i**3/3 + 19*i**2/2 - 13*i - 12. Let u(o) = -4*h(o) - 7*x(o). Is u(25) composite?
False
Let c(l) = 2 + l**2 + 4*l + 44*l**3 + 9 - 43*l**3 + 5*l**2. Let u be c(14). Let m = u - 2776. Is m a composite number?
True
Suppose 0 = -111*a + 771374 + 352279. Is a composite?
True
Let g = -49 + 52. Is 1/(2 - g)*-2359 a prime number?
False
Let f be 16/6*((-1080)/(-32))/15. Is (-50)/(-2) + (4 + -2 - f) a composite number?
True
Let y(i) = i**3 + 9*i**2 - 58*i + 235. Is y(36) composite?
False
Let m(q) = q**2 - 13*q - 10. Let r be m(14). Suppose -4*n - c = -1702, -5*n = -2*n + r*c - 1283. Suppose -n + 5115 = 10*b. Is b composite?
True
Let q = 55660 - 10047. Is q a composite number?
False
Suppose -1844207 - 2958268 = -25*n. Is n prime?
False
Let t(b) be the second derivative of -1037*b**3/3 - 95*b**2/2 - 13*b - 2. Is t(-3) a composite number?
True
Suppose 2*s + 4*n - 28532 = 0, -65*s + 63*s = 5*n - 28535. Suppose -s - 25768 = -4*f. Is f composite?
False
Suppose -3*m + 539986 = 2*h, -1084*h = -1083*h - 5*m - 269941. Is h composite?
False
Let p(x) = 3*x + 3. Let v be p(-1). Suppose v*i - 9 = -3*i, 3*k - 2*i - 12 = 0. Suppose k*q = -6*q + 4332. Is q composite?
True
Let a = 1829 - 766. Let k be (0 - ((-3780)/(-25))/(-9))*-40. Let y = a + k. Is y composite?
True
Let v(g) = -38*g**2 + 4*g - 1. Let i be v(1). Let s be 6/10 - ((-2751)/i - 7). Is -1*s*(-22)/(-2) prime?
False
Let x = 23 + -16. Let f be -6*((-28)/6)/x. Suppose k + f*o - 307 = -0*k, k - 282 = o. Is k prime?
False
Let f = -78907 + 251304. Is f prime?
False
Let i be 3/((-55)/66 + (-2)/(-4)). Let o(r) be the third derivative of -7*r**4/24 + 13*r**3/3 + 4*r**2. Is o(i) a composite number?
False
Let i(s) = -2744*s - 2041. Is i(-61) a composite number?
False
Suppose -r = -4*x - 470983, 2*r - 170*x + 174*x = 941930. Is r composite?
True
Suppose -s - 30 = 4*h - 8, 3*h + s = -16. Is (-14996)/h*(-9)/(-12)*2 a prime number?
False
Let k(j) = 5261*j**2 + 65*j - 461. Is k(7) a composite number?
False
Let u(c) = c**2 + 14*c - 24. Let q be u(-20). Is ((-287)/(-4))/((-6)/q*-4) a prime number?
False
Let a = -38355 - -248612. Is a prime?
True
Let j = -12 - -6. Let i be 3314/3 - 2/j. Suppose 5*p = -5*q + i, 0*q + 3*q + 5*p - 659 = 0. Is q a prime number?
True
Suppose 1180 = 8*d - 3996. Let a = d + 22. Is a a prime number?
False
Suppose 3*y - 3 = -6, 3*y - 24705 = -3*v. Let m = -4989 + v. Is m composite?
True
Let q = -605 - -633. Is 44/33*22029/q a composite number?
False
Suppose -2 = -3*z - 2*c, z + 8 = 3*z - 2*c. Let w(s) = -14*s - 1 + 13*s + 206*s**z - 2*s**2 + 3. Is w(1) a prime number?
False
Is 492/10*(-56770)/(-8) - 1255/502 prime?
True
Suppose 2570180 = 15*v - 641905. Is v prime?
False
Suppose 10*i - 49 + 89 = 0. Is (4 + i)/(-3) + (2154 - 1) composite?
False
Let s(t) = -10*t**3 + t**2 - 20*t - 15. Let o be s(-4). Suppose -3*b + 30000 = 3*j, b - j - 9273 = o. Is b composite?
True
Let b = -378 + 381. Suppose 4*o + 8*r - 7*r - 33366 = 0, -2*r + 25027 = b*o. Is o a composite number?
True
Suppose -202 + 28 = -2*f. Suppose s + 958 = -f. Let a = s + 1940. Is a prime?
False
Let f = -6082 + 12174. Suppose 0 = -15*o + 8203 + f. Is o prime?
True
Let o(u) = 46*u - 18. Let k be o(-14). Let s be -3 - k/4 - (-3)/(-2). Suppose -5*c = -6*c + s. Is c a composite number?
True
Let p(m) = 1691*m - 35. Suppose 0 = -q - 2*n + 12, -25 = q - 4*n - 19. Is p(q) prime?
True
Suppose 0 = 248*k - 234*k - 314398. Is k prime?
False
Let k = -11487 + 25261. Suppose k + 6544 = 4*o - 5*i, -2*o + 3*i = -10160. Is o a prime number?
True
Let y be -5*2 + -1 + 98 + -99. Is (y + 5 + 8)*(33457 - 0) a composite number?
False
Let f = 793863 + -406976. Is f a prime number?
True
Let d(s) = -1799*s + 8619. Is d(-28) a prime number?
True
Let m be -21 - -286 - (-1 + -4). Suppose 285*b - 158325 = m*b. Is b composite?
True
Suppose -6*n = 4*y - 2275466, 5*n + 10*y - 1896185 = 14*y. Is n a prime number?
False
Let j(v) = -v**3 + 5*v**2 + 3*v - 10. Let k be j(5). Suppose 3*w - 35306 = -2*g - w, 2*g - k*w = 35324. Is g prime?
True
Suppose -4*j = -5427 + 17227. Let b = -2769 + 772. Let q = b - j. Is q a composite number?
False
Suppose 0 = 2*w - 3*j - 1044, -4*w = -w - j - 1580. Let t = -20 - -23. Suppose -q = -4*r + 2215, 4*q = -t*r - w + 2175. Is r prime?
False
Let h(k) = 7043*k**2 + 213*k + 423. Is h(-2) a composite number?
True
Suppose 0*q - 2*q + 122 = 4*o, -4*o = 5*q - 113. Suppose -4*z - o = 2*k, -5*k = z + 23 + 12. Is -2 - 3/(k/842) prime?
True
Let l(t) = -t**2 + 5*t - 20. Let i be l(8). Let c = -41 - i. Suppose -c*h = -150 - 96. Is h a composite number?
Tr